when 7730966 is divided by 23.
22
What is the remainder when 1333 is divided by 61?
52
Calculate the remainder when 8898 is divided by 2942.
72
Calculate the remainder when 113687 is divided by 24.
23
Calculate the remainder when 4692 is divided by 774.
48
Calculate the remainder when 2966 is divided by 48.
38
Calculate the remainder when 46518 is divided by 13.
4
What is the remainder when 8575 is divided by 148?
139
What is the remainder when 845056 is divided by 29?
25
Calculate the remainder when 163229 is divided by 732.
725
Calculate the remainder when 3322 is divided by 99.
55
Calculate the remainder when 47764 is divided by 81.
55
What is the remainder when 2893 is divided by 202?
65
What is the remainder when 2062 is divided by 120?
22
Calculate the remainder when 355164 is divided by 57.
54
What is the remainder when 33277 is divided by 285?
217
Calculate the remainder when 532 is divided by 68.
56
Calculate the remainder when 10406 is divided by 1298.
22
Calculate the remainder when 24851 is divided by 7977.
920
Calculate the remainder when 3118 is divided by 956.
250
Calculate the remainder when 4609 is divided by 359.
301
Calculate the remainder when 40264 is divided by 32.
8
What is the remainder when 10979 is divided by 944?
595
What is the remainder when 1631 is divided by 4?
3
What is the remainder when 25821 is divided by 32?
29
Calculate the remainder when 165545 is divided by 175.
170
What is the remainder when 1068 is divided by 134?
130
Calculate the remainder when 53155 is divided by 345.
25
What is the remainder when 22205 is divided by 213?
53
What is the remainder when 8058220 is divided by 41?
39
Calculate the remainder when 11927 is divided by 265.
2
Calculate the remainder when 848338 is divided by 592.
2
Calculate the remainder when 15787 is divided by 1018.
517
What is the remainder when 708397 is divided by 253?
250
Calculate the remainder when 1264 is divided by 399.
67
What is the remainder when 10917 is divided by 31?
5
What is the remainder when 7831 is divided by 227?
113
Calculate the remainder when 27037 is divided by 508.
113
Calculate the remainder when 59852 is divided by 437.
420
Calculate the remainder when 4567 is divided by 35.
17
What is the remainder when 22771 is divided by 11380?
11
What is the remainder when 264326 is divided by 123?
122
What is the remainder when 60102 is divided by 954?
0
Calculate the remainder when 2824 is divided by 143.
107
What is the remainder when 315454 is divided by 192?
190
What is the remainder when 7114 is divided by 56?
2
What is the remainder when 3216 is divided by 26?
18
Calculate the remainder when 20056 is divided by 401.
6
What is the remainder when 112823 is divided by 25?
23
Calculate the remainder when 10593 is divided by 123.
15
Calculate the remainder when 27879 is divided by 27836.
43
Calculate the remainder when 319 is divided by 46.
43
Calculate the remainder when 6226 is divided by 180.
106
Calculate the remainder when 9584 is divided by 192.
176
What is the remainder when 780 is divided by 172?
92
What is the remainder when 297 is divided by 51?
42
Calculate the remainder when 86439 is divided by 20.
19
What is the remainder when 202003 is divided by 100?
3
What is the remainder when 42439 is divided by 1286?
1
Calculate the remainder when 3488678 is divided by 52.
50
Calculate the remainder when 2059 is divided by 33.
13
What is the remainder when 96946 is divided by 9693?
16
Calculate the remainder when 2646 is divided by 1224.
198
What is the remainder when 9926 is divided by 154?
70
Calculate the remainder when 14604 is divided by 7150.
304
Calculate the remainder when 19292 is divided by 419.
18
Calculate the remainder when 4632 is divided by 576.
24
What is the remainder when 17036 is divided by 53?
23
What is the remainder when 13276 is divided by 104?
68
Calculate the remainder when 30243 is divided by 15085.
73
What is the remainder when 474934 is divided by 35?
19
Calculate the remainder when 2405897 is divided by 982.
979
Calculate the remainder when 12247 is divided by 682.
653
Calculate the remainder when 3044 is divided by 16.
4
Calculate the remainder when 2183 is divided by 1082.
19
Calculate the remainder when 4193 is divided by 43.
22
Calculate the remainder when 111781 is divided by 117.
46
Calculate the remainder when 1689 is divided by 98.
23
Calculate the remainder when 1290570 is divided by 645281.
8
What is the remainder when 9889 is divided by 158?
93
What is the remainder when 68200 is divided by 2434?
48
Calculate the remainder when 552 is divided by 245.
62
What is the remainder when 222986 is divided by 287?
274
Calculate the remainder when 223434 is divided by 115.
104
What is the remainder when 4616 is divided by 31?
28
Calculate the remainder when 47936 is divided by 125.
61
Calculate the remainder when 28450 is divided by 62.
54
Calculate the remainder when 21317 is divided by 26.
23
What is the remainder when 52896 is divided by 23?
19
Calculate the remainder when 11939 is divided by 1080.
59
What is the remainder when 8714 is divided by 1078?
90
What is the remainder when 151 is divided by 11?
8
What is the remainder when 7687 is divided by 175?
162
What is the remainder when 23733 is divided by 823?
689
Calculate the remainder when 190 is divided by 132.
58
What is the remainder when 86206 is divided by 367?
328
Calculate the remainder when 2815950 is divided by 118.
116
What is the remainder when 130878 is divided by 320?
318
What is the remainder when 4159 is divided by 1384?
7
What is the remainder when 11127 is divided by 5372?
383
What is the remainder when 130433 is divided by 30?
23
Calculate the remainder when 241229 is divided by 510.
509
Calculate the remainder when 41163 is divided by 218.
179
What is the remainder when 110558 is divided by 3071?
2
What is the remainder when 21936 is divided by 379?
333
What is the remainder when 16597 is divided by 2153?
1526
What is the remainder when 13469 is divided by 587?
555
What is the remainder when 418 is divided by 32?
2
Calculate the remainder when 231304 is divided by 16.
8
Calculate the remainder when 379813 is divided by 11.
5
Calculate the remainder when 10309 is divided by 14.
5
What is the remainder when 1895 is divided by 1306?
589
Calculate the remainder when 15985 is divided by 36.
1
Calculate the remainder when 1031 is divided by 307.
110
Calculate the remainder when 39625 is divided by 4952.
9
What is the remainder when 2039 is divided by 2007?
32
What is the remainder when 16057 is divided by 3982?
129
Calculate the remainder when 9584 is divided by 1596.
8
Calculate the remainder when 10537 is divided by 527.
524
What is the remainder when 2476 is divided by 83?
69
Calculate the remainder when 1433 is divided by 700.
33
What is the remainder when 78 is divided by 72?
6
What is the remainder when 13999 is divided by 539?
524
Calculate the remainder when 1852 is divided by 31.
23
What is the remainder when 7950 is divided by 1134?
12
Calculate the remainder when 4304 is divided by 77.
69
What is the remainder when 54295 is divided by 44?
43
What is the remainder when 8159 is divided by 340?
339
What is the remainder when 131307 is divided by 995?
962
Calculate the remainder when 20600 is divided by 4113.
35
What is the remainder when 79437 is divided by 24?
21
Calculate the remainder when 492 is divided by 21.
9
What is the remainder when 178833 is divided by 59603?
24
What is the remainder when 19004 is divided by 164?
144
What is the remainder when 448892 is divided by 336?
332
What is the remainder when 1338 is divided by 83?
10
What is the remainder when 2492 is divided by 28?
0
What is the remainder when 375 is divided by 127?
121
Calculate the remainder when 319659 is divided by 86.
83
Calculate the remainder when 56106 is divided by 14020.
26
What is the remainder when 18101 is divided by 9018?
65
What is the remainder when 1439 is divided by 1230?
209
Calculate the remainder when 1294432 is divided by 143.
139
What is the remainder when 6871 is divided by 93?
82
Calculate the remainder when 138402 is divided by 14.
12
What is the remainder when 17527 is divided by 40?
7
What is the remainder when 415 is divided by 151?
113
What is 